 + 51. What is the highest common divisor of n and i?
20
Let v(x) = x**2 - 15*x + 24. Let h be v(16). What is the highest common divisor of 100 and h?
20
Suppose 9*f - 90 = 5*f + 2*b, 4*f - 84 = 4*b. Calculate the greatest common factor of 264 and f.
24
Suppose 352 = 10*f - 898. What is the highest common factor of f and 25?
25
Let i(x) = 83*x + 15. Let o be i(3). What is the greatest common divisor of o and 24?
24
Let a = 64 + -38. What is the highest common divisor of 13 and a?
13
Suppose 0 = 17*h - 163 - 41. Suppose 96 = -2*j + 3*j. Suppose -2*l = -l - j. What is the greatest common factor of h and l?
12
Let t(y) = y**3 + y**2 - y + 1. Let l(g) = 8*g**2 + g - 8. Let s(o) = -l(o) - t(o). Let f be s(-9). Calculate the greatest common factor of 7 and f.
7
Let v = 94 - 137. Let w = -3 - v. Calculate the greatest common divisor of w and 5.
5
Let i(z) = -z. Let g(j) = -7*j + 3. Let p(x) = g(x) - 5*i(x). Let q be p(-3). Suppose 2*k + q = 3*k. What is the greatest common divisor of k and 99?
9
Let i = -127 + 192. Let f be 1 + (0 - -10) - -2. Calculate the highest common factor of f and i.
13
Let d(w) = -6*w**3 + w + 1. Suppose 2*o - 1 = 3*o. Let h be d(o). Suppose -3*k + 0*k + 24 = t, 3*t + k = 56. What is the greatest common factor of h and t?
6
Suppose x + 0 - 16 = 0. Calculate the greatest common factor of x and 24.
8
Let l = -7 + 20. Let w be (6 + 98)/8*(2 - 1). What is the greatest common divisor of l and w?
13
Suppose -19 = -8*s + 7*s. Let c = 21 - s. Calculate the highest common divisor of c and 22.
2
Suppose -3*x + 8 = -7. Let r(i) = 6*i - i**3 + 6*i**2 - 2*i**2 + 0 + 1. Let j be r(x). Calculate the highest common factor of j and 15.
3
Suppose 3*t - 163 = r, 7*r + 212 = 4*t + 3*r. Suppose 4*z + z = t. Let n = z + -6. Calculate the highest common divisor of 1 and n.
1
Let j(x) = 38*x + 3. Let r be j(6). Calculate the highest common divisor of 21 and r.
21
Suppose 5*f - 75 - 25 = 0. What is the greatest common divisor of 160 and f?
20
Suppose 3*g - 1 = 11. Let r(n) = -21*n - 5. Let z be r(-6). Suppose -z - 59 = -g*s. Calculate the highest common divisor of 9 and s.
9
Let a be (-5 - -2)*(-14)/6. Suppose 2*z = a*z + 240. Let c be 1/(-6) + (-2696)/z. Calculate the greatest common divisor of 14 and c.
14
Let g(o) = -10*o**3 - o**2 - o - 1. Let v be g(-1). Let k(s) = -2*s - 4 + 15 + 3*s. Let b be k(v). Calculate the highest common divisor of b and 4.
4
Let d(g) = -g + 12. Let l be d(-8). Calculate the greatest common factor of 30 and l.
10
Suppose 0 = 5*d, 5*a - d - 5 = -2*d. What is the highest common divisor of a and 11?
1
Suppose 2*y + 4*z + 0*z - 96 = 0, -5*z = 10. What is the highest common factor of y and 13?
13
Let q = 1 - -5. Suppose 19 + q = 5*f. Suppose 0 = -g + f*g - 12. Calculate the greatest common factor of 2 and g.
1
Suppose 6*l - 38 = -2*z + l, 4*z = 4*l + 104. What is the highest common divisor of z and 18?
6
Let h(q) = -q**3 + 2*q**2 + 7*q - 2. Let n be h(-4). What is the greatest common factor of 165 and n?
33
Let x = -111 - -114. Calculate the greatest common factor of x and 33.
3
Let d(g) = -g**3 + 8*g**2 + 6*g - 6. Let b be d(5). What is the highest common factor of 11 and b?
11
Let u(d) = 5 + 8*d - 5*d - 10*d**3 - 4. Let s be u(-2). Let q be (s/(-6))/(-5)*2. What is the greatest common divisor of q and 55?
5
Suppose 57 = -6*u + 687. Calculate the highest common factor of 42 and u.
21
Let p be 3 + (2/(-4))/(2/(-136)). What is the highest common factor of 148 and p?
37
Let c(d) = 0*d - d - 4 + 1. Let r be c(-11). Let m(w) = w - 6. Let l be m(r). What is the highest common divisor of 18 and l?
2
Let n(j) = 23*j**2 + 2*j**2 + 1 - 1 - j. Let x be n(1). Calculate the highest common factor of x and 3.
3
Suppose 6*r - 2*r = -a + 129, -97 = -3*r - a. What is the highest common factor of 2 and r?
2
Suppose -4*u - 6 = -2*m, 3*m - 8 = -0*u + 5*u. Calculate the greatest common factor of 9 and m.
1
Let h be (-2)/(-8) - (-95)/20. Let x(p) = -8*p. Let o(g) = 7*g. Let n(s) = 4*o(s) + 3*x(s). Let r be n(h). What is the highest common factor of r and 4?
4
Let i(w) = -w**2 - 8*w - 1. Let a be i(-7). Suppose -k - 35 = -a*k. Calculate the highest common divisor of k and 35.
7
Let h(i) = i**2 - 7*i - 8. Let c be h(8). Let t = 6 - 4. Let j = t + c. What is the highest common factor of 5 and j?
1
Let p = 4 - 0. Suppose -p*s + 19 + 1 = 0, 0 = -5*i + 2*s + 15. Suppose -3*b - i*o + 4 = -5, 0 = 5*b + 2*o - 34. Calculate the highest common factor of 2 and b.
2
Suppose -26 = 2*p - 70. What is the highest common divisor of 22 and p?
22
Suppose 0 = -11*b + 68 + 20. What is the highest common factor of 4 and b?
4
Let j(n) = n + 2. Let d be j(-2). Suppose d = -0*w - 4*w + 44. What is the highest common divisor of 22 and w?
11
Let n(m) = -226*m**3 - 2*m**2 + m. Let i be n(1). Let o be 10/30 + i/(-3). Let j = -21 + o. What is the greatest common divisor of 5 and j?
5
Suppose 51 = 3*h + 3. What is the highest common factor of 16 and h?
16
Suppose 4*l = -t - 20, 0 = t - 4*t - 5*l - 39. Let b be ((-114)/t)/(2/(-8)). Let w = -39 - b. Calculate the greatest common divisor of w and 6.
6
Suppose q = 9 - 4. Suppose q = 2*c + 1. Calculate the highest common divisor of c and 2.
2
Let m be ((-10)/6 + 3)*-3. Let i be (-1648)/(-48) + m/(-6). What is the greatest common factor of 14 and i?
7
Let u be (19/(-1))/(-3 - -2). What is the greatest common factor of 19 and u?
19
Let c = 12 - 6. Let m(f) = 2*f**3 + f**2 + f - 1. Let w be m(1). Suppose -t - 2*o + 3 = -w*o, 4*t = o + 21. Calculate the highest common divisor of t and c.
6
Let y be ((-3)/(-2))/((-18)/(-96)). Let v = 13 - y. Suppose 5*l - 25 = v. What is the highest common factor of 24 and l?
6
Let w = -65 - -35. Let q be (12/w)/(2/(-50)). Suppose 5*y = -266 + 716. Calculate the greatest common divisor of y and q.
10
Suppose -3*o + 22 + 167 = 0. Calculate the highest common divisor of o and 7.
7
Suppose -w = 3*u - 4*u - 128, 414 = 3*w + 3*u. What is the greatest common divisor of 19 and w?
19
Let j be (-1)/((-16)/116)*4. What is the greatest common factor of j and 261?
29
Let x(o) = -o**3 + o + 165. Suppose 0 = -0*q + q. Let f be x(q). Calculate the highest common divisor of 15 and f.
15
Suppose -4*y - 9 - 9 = -2*z, -5*y + 5*z = 30. Let m be (-18)/((y/4)/1). What is the greatest common factor of 60 and m?
12
Let j = -53 - -196. What is the highest common factor of 13 and j?
13
Let d(l) = 2*l - 7. Let j be d(6). Suppose 2*o - 13 - j = 0. Let g = 11 + o. What is the greatest common factor of 140 and g?
20
Suppose 0 = 4*a - 0*a - 2*z - 278, -2*a = -3*z - 141. What is the highest common factor of 207 and a?
69
Let v(i) = 8*i - 2. Let p be v(7). Calculate the greatest common factor of 6 and p.
6
Let l be 2/(2 + 16/(-6)). Let h = l - -7. Let d(k) = -k**3 + 8*k**2 - 7*k + 8. Let p be d(7). Calculate the greatest common factor of h and p.
4
Suppose 2*q - 536 = 148. Calculate the greatest common divisor of 38 and q.
38
Let p = 28 - 8. Calculate the highest common factor of p and 200.
20
Let g be (-7 - -3)*27/(-12). Calculate the greatest common divisor of g and 18.
9
Suppose 4*j + 4*t + 24 = 0, 4*t = -j + 3*j - 18. Let f = 3 + j. Calculate the highest common factor of 5 and f.
1
Let s(v) = -v**2 - 11*v - 13. Let x be s(-9). Let h = -5 + x. Suppose l - 69 + 9 = h. What is the greatest common factor of l and 24?
12
Let t(j) = j**3 + 7*j**2 + 10*j + 1. Let y be t(-4). Calculate the highest common divisor of y and 63.
9
Let z = 80 - 47. Calculate the highest common divisor of z and 11.
11
Suppose 0 = -p - 1 + 6. Suppose -p*i - 15 + 135 = 0. Suppose -i = -3*q + 2*q. Calculate the greatest common divisor of q and 12.
12
Let q = -66 + 46. Let n be (-5)/q + 18/(-8). Let a(s) = -43*s + 2. Let c be a(n). Calculate the highest common factor of 11 and c.
11
Let w = 223 + -103. Calculate the greatest common factor of w and 15.
15
Let t(v) = -20*v - 5. Let f be t(-4). Let n(p) = 12*p - 2. Let u be n(3). Let j = 64 - u. What is the highest common divisor of f and j?
15
Let y = 13 - 5. Suppose -4*z = -y - 0. What is the highest common divisor of 2 and z?
2
Let b = 9 - 4. Let g = 4 + 21. What is the greatest common factor of g and b?
5
Let v = -58 + 63. Suppose -3*s = -5*b + 233, 3*s - b = -4*b - 201. Let a = 126 + s. What is the highest comm